/*
SQLyog Ultimate v11.33 (64 bit)
MySQL - 10.1.34-MariaDB : Database - surbit_chatbot
*********************************************************************
*/


/*!40101 SET NAMES utf8 */;

/*!40101 SET SQL_MODE=''*/;

/*!40014 SET @OLD_UNIQUE_CHECKS=@@UNIQUE_CHECKS, UNIQUE_CHECKS=0 */;
/*!40014 SET @OLD_FOREIGN_KEY_CHECKS=@@FOREIGN_KEY_CHECKS, FOREIGN_KEY_CHECKS=0 */;
/*!40101 SET @OLD_SQL_MODE=@@SQL_MODE, SQL_MODE='NO_AUTO_VALUE_ON_ZERO' */;
/*!40111 SET @OLD_SQL_NOTES=@@SQL_NOTES, SQL_NOTES=0 */;
CREATE DATABASE /*!32312 IF NOT EXISTS*/`surbit_chatbot` /*!40100 DEFAULT CHARACTER SET utf8mb4 */;

USE `surbit_chatbot`;

/*Table structure for table `formato_entrada` */

DROP TABLE IF EXISTS `formato_entrada`;

CREATE TABLE `formato_entrada` (
  `id` bigint(20) NOT NULL,
  `id_tipo_formato_entrada` int(11) NOT NULL,
  `str_formato` varchar(255) DEFAULT NULL,
  `id_tipo_salida` int(11) DEFAULT NULL,
  `palabra_clave` varchar(80) DEFAULT NULL,
  PRIMARY KEY (`id`)
) ENGINE=InnoDB DEFAULT CHARSET=utf8mb4;

/*Data for the table `formato_entrada` */

insert  into `formato_entrada`(`id`,`id_tipo_formato_entrada`,`str_formato`,`id_tipo_salida`,`palabra_clave`) values (1,1,'hola',1,NULL),(2,1,'aló',1,NULL),(3,1,'hello',1,NULL),(4,1,'hi',1,NULL),(5,1,'¿ como estás ?',2,NULL),(6,1,'¿ como estás hoy ?',2,NULL),(7,1,'¿ como andamos ?',2,NULL),(8,1,'¿ q haces ?',2,NULL),(9,1,'q hacelga ?',2,NULL),(10,2,'¿ de que color es era el del caballo __var__ de artigas ?',3,NULL),(11,3,'calcular __var__',4,NULL),(12,3,'¿ sabes el resultado de __var__ ?',4,NULL),(13,3,'¿ puedes resolver __var__ ?',4,NULL),(14,4,'Sabes que 2 + 2 = 4 ?',5,NULL),(15,4,'¿ que le gana a la tijera ?',6,'tijera'),(16,4,'¿ que le gana a la piedra ?',7,'piedra'),(17,4,'¿ que le gana al papel ?',8,'papel'),(18,4,'buena idea',9,NULL),(19,2,'¿ tienes información sobre acerca de __var__ ?',10,NULL),(20,2,'necesito información sobre acerca de __var__',10,NULL),(21,2,'¿ qué sabes sobre acerca de __var__ ?',10,NULL),(22,2,'Info sobre acerca de __var__ ?',10,NULL),(23,2,'dime algo sobre acerca de __var__ ?',10,NULL),(24,2,'¿ conoces a __var__ ?',10,NULL),(25,4,'chiste de chuck norris',900,'chuck'),(26,4,'¿ que sabes de chuck norris ?',900,'chuck'),(27,1,'chau',11,NULL),(28,1,'bye',11,NULL),(29,1,'bye bye',11,NULL),(30,1,'chau, nos vemos',11,NULL),(31,1,'hoa',12,NULL),(32,2,'¿ q sabes sobre acerce de __var__ ?',10,NULL),(33,2,'cuantos robles puede roer un roedor en su vida ?',13,NULL),(34,2,'información sobre acerca de __var__ ',10,NULL),(35,2,'info sobre acerca de __var__',10,NULL),(36,2,'informacion sobre acerca de __var__',10,NULL),(37,3,'resolver resuelve __var__',4,NULL),(38,1,'como estas',2,NULL),(39,1,'¿ como va eso ?',2,NULL),(40,1,'va todo bien ?',2,NULL);

/*Table structure for table `salidas` */

DROP TABLE IF EXISTS `salidas`;

CREATE TABLE `salidas` (
  `id` bigint(20) NOT NULL,
  `id_tipo_salida` int(11) DEFAULT NULL,
  `str_salida` varchar(255) DEFAULT NULL,
  `ts_ultimo_uso` datetime DEFAULT NULL,
  PRIMARY KEY (`id`)
) ENGINE=InnoDB DEFAULT CHARSET=utf8mb4;

/*Data for the table `salidas` */

insert  into `salidas`(`id`,`id_tipo_salida`,`str_salida`,`ts_ultimo_uso`) values (1,1,'Hola !','2023-03-25 18:46:29'),(2,2,'Todo bien y ¿ Tú ?','2023-03-25 18:45:58'),(3,3,'Es caballo de Artigas es de color __var__',NULL),(4,4,'El resultado es __var__','2023-03-25 18:45:58'),(5,5,'Bien pensado genio !','2023-03-25 04:18:32'),(6,6,'La piedra',NULL),(7,7,'El papel',NULL),(8,8,'La tijera',NULL),(9,9,'Me alegro que te haya gustado !',NULL),(10,10,'Buscando información sobre __var__','2023-03-25 18:46:41'),(11,900,'Chuck Norris no cree en Dios. Es Dios quien cree en Chuck Norris.','2023-03-25 18:46:41'),(12,900,'No hay teoría de la evolución, sólo las criaturas que Chuck Norris decidió dejar vivas.','2023-03-25 04:21:25'),(13,900,'Chuck Norris ha estado en Marte, lo que explica por qué no hay signos de vida.','2023-03-25 18:46:29'),(14,1,'Hola, humano','2023-03-25 18:45:58'),(15,1,'Jelou','2023-03-25 18:46:41'),(16,11,'Chau ! Espero que te vaya bien. Saludos.','2023-03-25 03:29:37'),(17,11,'Chau chau !!','2023-03-25 03:30:32'),(18,11,'Hasta luego !','2023-03-25 03:30:43'),(19,11,'Bye ! Q andes bien.','2023-03-25 04:19:46'),(20,12,'Pareces un Teletubbie','2023-03-25 04:19:53'),(21,12,'Hoa Tinky Winky !','2023-03-25 04:19:56'),(22,13,'Los roedores no roen robles','2023-03-25 04:21:47'),(23,2,'Bien, contando ceros y unos para variar','2023-03-25 17:25:31'),(24,2,'Acá andamos, cada día mejor y ¿ tu ?','2023-03-25 18:44:56'),(25,2,'No es Maragogi pero se pasa bien igual','2023-03-25 18:45:14');

/*Table structure for table `tipo_formato_entrada` */

DROP TABLE IF EXISTS `tipo_formato_entrada`;

CREATE TABLE `tipo_formato_entrada` (
  `id` int(11) NOT NULL,
  `tipo` varchar(50) DEFAULT NULL,
  PRIMARY KEY (`id`)
) ENGINE=InnoDB DEFAULT CHARSET=utf8mb4;

/*Data for the table `tipo_formato_entrada` */

insert  into `tipo_formato_entrada`(`id`,`tipo`) values (1,'saludo'),(2,'obtener información'),(3,'calcular'),(4,'conversacion');

/*!40101 SET SQL_MODE=@OLD_SQL_MODE */;
/*!40014 SET FOREIGN_KEY_CHECKS=@OLD_FOREIGN_KEY_CHECKS */;
/*!40014 SET UNIQUE_CHECKS=@OLD_UNIQUE_CHECKS */;
/*!40111 SET SQL_NOTES=@OLD_SQL_NOTES */;
